{"id":322,"date":"2023-02-18T15:34:08","date_gmt":"2023-02-18T15:34:08","guid":{"rendered":"https:\/\/www.dr-w-koch.de\/web\/?page_id=322"},"modified":"2023-02-18T15:34:08","modified_gmt":"2023-02-18T15:34:08","slug":"niere","status":"publish","type":"page","link":"https:\/\/www.dr-w-koch.de\/web\/niere\/","title":{"rendered":"Niere"},"content":{"rendered":"\n<h2 class=\"wp-block-heading\">Nierenszintigraphie<\/h2>\n\n\n\n<p>Mittels Nuklearmedizin und Szintigraphie kann die Nierenfunktion schmerzfrei sichtbar gemacht werden!<\/p>\n\n\n\n<p>Die Nieren haben eine lebenswichtige Aufgabe in unserem K\u00f6rper: Sie entfernen Abfallstoffe des Stoffwechsels aus unserem K\u00f6rper. Die Funktion der Nieren kann man mit der Nierenszintigraphie darstellen. Man verwendet dazu schwach radioaktive Stoffe, die zun\u00e4chst \u00fcber den Blutweg in die Niere transportiert werden (damit kann die Durchblutungssituation erfasst werden) und dann \u00fcber die Nieren ausgeschieden werden (damit wird die Funktion der Niere dargestellt und die ableitenden Harnwege k\u00f6nnen ebenfalls beurteilt werden).<\/p>\n\n\n\n<p>Die Verteilung der in eine Vene gespritzten Substanz kann mit einer Gammakamera sichtbar gemacht werden. Diese nimmt in kurzen Intervallen Bilder auf. Zudem k\u00f6nnen Funktionskurven der Nierenfunktion erstellt werden, die eine quantitative Aussage dar\u00fcber erlauben, wie schnell die Nieren das Blut von der radioaktiven Substanz befreien.<\/p>\n\n\n\n<p>Im Rahmen der Ausscheidung der gespritzten Substanz erm\u00f6glicht die Nuklearmedizin auch, den Harnabflu\u00df zu beurteilen und evtl. auch ein R\u00fcckflu\u00df des Harn von der Harnblase in die Nieren, der zur Sch\u00e4digung von Nierengewebe f\u00fchren kann. Letzteres ist vor allem bei S\u00e4uglingen und Kleinkindern wichtig, bei denen diese Diagnose z\u00fcgig gestellt werden muss, um Folgesch\u00e4den zu vermeiden.<\/p>\n\n\n\n<p>Indirekt k\u00f6nnen mit der Nierenszintigraphie auch Ver\u00e4nderungen ausserhalb der Nieren, z.B. Engstellen der Gef\u00e4\u00dfe vor der Niere, erkannt werden, eine m\u00f6gliche Ursache f\u00fcr erh\u00f6hte Blutdruckwerte.<\/p>\n\n\n\n<figure class=\"wp-block-image\"><img decoding=\"async\" src=\"https:\/\/www.dr-w-koch.de\/images\/stories\/praxis\/nierenszintigraphie.jpg\" alt=\"Nierenszintigraphie\" title=\"Nierenszintigraphie\"\/><\/figure>\n","protected":false},"excerpt":{"rendered":"<p>Nierenszintigraphie Mittels Nuklearmedizin und Szintigraphie kann die Nierenfunktion schmerzfrei sichtbar gemacht werden! Die Nieren haben eine lebenswichtige Aufgabe in unserem K\u00f6rper: Sie entfernen Abfallstoffe des Stoffwechsels aus unserem K\u00f6rper. Die Funktion der Nieren kann man mit der Nierenszintigraphie darstellen. Man verwendet dazu schwach radioaktive Stoffe, die zun\u00e4chst \u00fcber den Blutweg in die Niere transportiert werden [&hellip;]<\/p>\n","protected":false},"author":1,"featured_media":0,"parent":0,"menu_order":0,"comment_status":"closed","ping_status":"closed","template":"","meta":{"footnotes":""},"class_list":["post-322","page","type-page","status-publish","hentry"],"yoast_head":"<!-- This site is optimized with the Yoast SEO plugin v27.3 - https:\/\/yoast.com\/product\/yoast-seo-wordpress\/ -->\n<title>Niere - Praxis Prof. Dr. Koch und Kollegen<\/title>\n<meta name=\"robots\" content=\"index, follow, max-snippet:-1, max-image-preview:large, max-video-preview:-1\" \/>\n<link rel=\"canonical\" href=\"https:\/\/www.dr-w-koch.de\/web\/niere\/\" \/>\n<meta property=\"og:locale\" content=\"de_DE\" \/>\n<meta property=\"og:type\" content=\"article\" \/>\n<meta property=\"og:title\" content=\"Niere - Praxis Prof. Dr. Koch und Kollegen\" \/>\n<meta property=\"og:description\" content=\"Nierenszintigraphie Mittels Nuklearmedizin und Szintigraphie kann die Nierenfunktion schmerzfrei sichtbar gemacht werden! Die Nieren haben eine lebenswichtige Aufgabe in unserem K\u00f6rper: Sie entfernen Abfallstoffe des Stoffwechsels aus unserem K\u00f6rper. Die Funktion der Nieren kann man mit der Nierenszintigraphie darstellen. Man verwendet dazu schwach radioaktive Stoffe, die zun\u00e4chst \u00fcber den Blutweg in die Niere transportiert werden [&hellip;]\" \/>\n<meta property=\"og:url\" content=\"https:\/\/www.dr-w-koch.de\/web\/niere\/\" \/>\n<meta property=\"og:site_name\" content=\"Praxis Prof. Dr. Koch und Kollegen\" \/>\n<meta property=\"og:image\" content=\"https:\/\/www.dr-w-koch.de\/images\/stories\/praxis\/nierenszintigraphie.jpg\" \/>\n<meta name=\"twitter:card\" content=\"summary_large_image\" \/>\n<meta name=\"twitter:label1\" content=\"Gesch\u00e4tzte Lesezeit\" \/>\n\t<meta name=\"twitter:data1\" content=\"1\u00a0Minute\" \/>\n<!-- \/ Yoast SEO plugin. -->","yoast_head_json":{"title":"Niere - Praxis Prof. Dr. Koch und Kollegen","robots":{"index":"index","follow":"follow","max-snippet":"max-snippet:-1","max-image-preview":"max-image-preview:large","max-video-preview":"max-video-preview:-1"},"canonical":"https:\/\/www.dr-w-koch.de\/web\/niere\/","og_locale":"de_DE","og_type":"article","og_title":"Niere - Praxis Prof. Dr. Koch und Kollegen","og_description":"Nierenszintigraphie Mittels Nuklearmedizin und Szintigraphie kann die Nierenfunktion schmerzfrei sichtbar gemacht werden! Die Nieren haben eine lebenswichtige Aufgabe in unserem K\u00f6rper: Sie entfernen Abfallstoffe des Stoffwechsels aus unserem K\u00f6rper. Die Funktion der Nieren kann man mit der Nierenszintigraphie darstellen. Man verwendet dazu schwach radioaktive Stoffe, die zun\u00e4chst \u00fcber den Blutweg in die Niere transportiert werden [&hellip;]","og_url":"https:\/\/www.dr-w-koch.de\/web\/niere\/","og_site_name":"Praxis Prof. Dr. Koch und Kollegen","og_image":[{"url":"https:\/\/www.dr-w-koch.de\/images\/stories\/praxis\/nierenszintigraphie.jpg","type":"","width":"","height":""}],"twitter_card":"summary_large_image","twitter_misc":{"Gesch\u00e4tzte Lesezeit":"1\u00a0Minute"},"schema":{"@context":"https:\/\/schema.org","@graph":[{"@type":"WebPage","@id":"https:\/\/www.dr-w-koch.de\/web\/niere\/","url":"https:\/\/www.dr-w-koch.de\/web\/niere\/","name":"Niere - Praxis Prof. Dr. Koch und Kollegen","isPartOf":{"@id":"https:\/\/www.dr-w-koch.de\/web\/#website"},"primaryImageOfPage":{"@id":"https:\/\/www.dr-w-koch.de\/web\/niere\/#primaryimage"},"image":{"@id":"https:\/\/www.dr-w-koch.de\/web\/niere\/#primaryimage"},"thumbnailUrl":"https:\/\/www.dr-w-koch.de\/images\/stories\/praxis\/nierenszintigraphie.jpg","datePublished":"2023-02-18T15:34:08+00:00","breadcrumb":{"@id":"https:\/\/www.dr-w-koch.de\/web\/niere\/#breadcrumb"},"inLanguage":"de","potentialAction":[{"@type":"ReadAction","target":["https:\/\/www.dr-w-koch.de\/web\/niere\/"]}]},{"@type":"ImageObject","inLanguage":"de","@id":"https:\/\/www.dr-w-koch.de\/web\/niere\/#primaryimage","url":"https:\/\/www.dr-w-koch.de\/images\/stories\/praxis\/nierenszintigraphie.jpg","contentUrl":"https:\/\/www.dr-w-koch.de\/images\/stories\/praxis\/nierenszintigraphie.jpg"},{"@type":"BreadcrumbList","@id":"https:\/\/www.dr-w-koch.de\/web\/niere\/#breadcrumb","itemListElement":[{"@type":"ListItem","position":1,"name":"Startseite","item":"https:\/\/www.dr-w-koch.de\/web\/"},{"@type":"ListItem","position":2,"name":"Niere"}]},{"@type":"WebSite","@id":"https:\/\/www.dr-w-koch.de\/web\/#website","url":"https:\/\/www.dr-w-koch.de\/web\/","name":"Praxis Prof. Dr. Koch und Kollegen","description":"Fach\u00e4rztliche und haus\u00e4rztliche Versorgung in Straubing","publisher":{"@id":"https:\/\/www.dr-w-koch.de\/web\/#organization"},"potentialAction":[{"@type":"SearchAction","target":{"@type":"EntryPoint","urlTemplate":"https:\/\/www.dr-w-koch.de\/web\/?s={search_term_string}"},"query-input":{"@type":"PropertyValueSpecification","valueRequired":true,"valueName":"search_term_string"}}],"inLanguage":"de"},{"@type":"Organization","@id":"https:\/\/www.dr-w-koch.de\/web\/#organization","name":"Gemeinschaftspraxis Prof. Dr. med. Walter Koch, Dr. med. univ. Verena Zahn, Dr. med. Tanja-Karola Beikler","url":"https:\/\/www.dr-w-koch.de\/web\/","logo":{"@type":"ImageObject","inLanguage":"de","@id":"https:\/\/www.dr-w-koch.de\/web\/#\/schema\/logo\/image\/","url":"https:\/\/www.dr-w-koch.de\/web\/wp-content\/uploads\/2023\/02\/KochLogo.jpg","contentUrl":"https:\/\/www.dr-w-koch.de\/web\/wp-content\/uploads\/2023\/02\/KochLogo.jpg","width":344,"height":236,"caption":"Gemeinschaftspraxis Prof. Dr. med. Walter Koch, Dr. med. univ. Verena Zahn, Dr. med. Tanja-Karola Beikler"},"image":{"@id":"https:\/\/www.dr-w-koch.de\/web\/#\/schema\/logo\/image\/"}}]}},"_links":{"self":[{"href":"https:\/\/www.dr-w-koch.de\/web\/wp-json\/wp\/v2\/pages\/322","targetHints":{"allow":["GET"]}}],"collection":[{"href":"https:\/\/www.dr-w-koch.de\/web\/wp-json\/wp\/v2\/pages"}],"about":[{"href":"https:\/\/www.dr-w-koch.de\/web\/wp-json\/wp\/v2\/types\/page"}],"author":[{"embeddable":true,"href":"https:\/\/www.dr-w-koch.de\/web\/wp-json\/wp\/v2\/users\/1"}],"replies":[{"embeddable":true,"href":"https:\/\/www.dr-w-koch.de\/web\/wp-json\/wp\/v2\/comments?post=322"}],"version-history":[{"count":1,"href":"https:\/\/www.dr-w-koch.de\/web\/wp-json\/wp\/v2\/pages\/322\/revisions"}],"predecessor-version":[{"id":323,"href":"https:\/\/www.dr-w-koch.de\/web\/wp-json\/wp\/v2\/pages\/322\/revisions\/323"}],"wp:attachment":[{"href":"https:\/\/www.dr-w-koch.de\/web\/wp-json\/wp\/v2\/media?parent=322"}],"curies":[{"name":"wp","href":"https:\/\/api.w.org\/{rel}","templated":true}]}}